
-7
4 + (-15 - -10) - (-1 + 5)
-5
Calculate 12 + 0 - 0 - (7 - 0).
5
What is -1 - (2 - (0 - -3))?
0
-3 + -3 + 0 + -15 + 25
4
6 - (-2 + 5 + 0)
3
What is the value of 4 + (-7 + 4 - -1) + -5?
-3
-6 - 0 - (-4 + -2 + 2)
-2
Evaluate -7 - (-8 + 1 - 0).
0
-25 + 9 + 7 + 1
-8
Evaluate -3 - (-8 + 3) - 3 - 0.
-1
What is 3 + 7 - (4 - (-1 - -1))?
6
What is 4 + (-12 - -6) - 2 - -9?
5
What is the value of 1 - 0 - (-1 + -1 + 4)?
-1
Evaluate -5 + 5 + -4 + 7.
3
What is 4 - (2 + -1) - (6 - 8)?
5
What is 0 + 5 + -5 + 4?
4
What is the value of (1 - -4) + -6 + (-3 - -4)?
0
Calculate -1 + (1 - 0 - 4).
-4
What is the value of -11 - (14 + -9 + -5 + -3)?
-8
Evaluate (0 - (6 + -1)) + (-10 - -11).
-4
2 + (-2 + 10 - 7)
3
What is 6 + (11 - 8) - 0?
9
What is the value of -8 + (6 - 5 - (1 + -4))?
-4
2 + 1 + (-6 - -3) + 0
0
1 + 3 + -1 - (-20 + 22)
1
Calculate 3 - (-5 + -5 + 4 + 15).
-6
What is the value of -1 + 0 - (8 + 0 + -10)?
1
What is the value of -1 - (-3 + -2) - -1?
5
Calculate -5 - ((-3 - 2) + (-6 - 0)).
6
What is the value of (1 - 2) + -8 + 9 + 4?
4
What is the value of (-18 - -24) + -2 + (2 - 2)?
4
What is -10 + 9 + 2 + 0 + 5?
6
Calculate -37 + 35 + 0 + -1 + -1.
-4
What is (-4 - -2 - 1) + -1 + 1?
-3
What is the value of -8 - (0 + -3) - -10?
5
Calculate -10 + (12 - (-14 - -11)).
5
-6 + -1 - (0 - 6)
-1
(0 - -3) + 3 + 0 + -1
5
Calculate (9 + 4 - 8) + -10.
-5
What is the value of 7 + (-6 - -2) + 0 - -2?
5
What is 4 - -2 - ((23 - 8) + -7)?
-2
Evaluate -1 + 12 - (3 + 2).
6
Calculate (-3 - -2 - (-10 + 4)) + -9.
-4
Calculate 4 + 3 + (0 - (0 + 4)).
3
What is -12 + 1 + 10 + (-3 - -7)?
3
Evaluate -7 - (-2 - 2) - (0 - 2).
-1
What is the value of 8 + -25 + 13 + 13?
9
3 + (-3 - -2 - -5) + -5
2
Evaluate -1 + -3 - (-4 + 3).
-3
Calculate -38 - -33 - (-1 - 3).
-1
What is -1 - ((-2 + 3 - -2) + -3)?
-1
Calculate -41 + 41 + 0 + 1.
1
What is the value of 3 - ((12 - 8) + 6)?
-7
What is the value of 3 + -9 + 1 + 4?
-1
Evaluate 0 + (-8 - (10 + -11)).
-7
What is the value of 2 - (-8 - 1 - -11)?
0
What is the value of 2 - -14 - (-77 - -87)?
6
What is (-3 + (11 - 4) - 8) + 3?
-1
What is 4 - ((0 - -3) + 2)?
-1
Calculate 5 + (10 - 6 - 4).
5
What is 9 + -18 + -1 - -4?
-6
What is the value of 0 - -3 - -2 - 5?
0
Evaluate 4 + ((7 - 1) + -4 - 4).
2
What is the value of (-7 - 2 - -6) + 0 + 1?
-2
Evaluate 4 + (-7 - -4 - (-4 + 2)).
3
What is 0 + 6 + 2 + -2 + -5?
1
Calculate 6 + -3 + 2 - 3.
2
What is the value of 0 - (12 + -8 + 5 + -4)?
-5
Evaluate (-3 - -1) + 36 + -36 + 2.
0
What is the value of 18 - 13 - (-1 + 1 + -4)?
9
Calculate 6 - (27 + -29 - (-2 - 0)).
6
Evaluate 3 + (-4 - (0 - 3 - -1)).
1
What is 4 - ((3 - -1) + -2)?
2
5 - (-4 + 0 - (0 + 0))
9
What is 21 - 10 - 12 - (-2 - -1)?
0
What is the value of 0 - (-7 - -7) - -4?
4
Evaluate (3 - 5) + 4 - 1 - 2.
-1
Calculate (6 - 4) + -6 - (2 - 2).
-4
Evaluate (3 - -1) + 12 + -12.
4
What is the value of 32 + -36 + (1 - -7)?
4
8 - 2 - 2 - -3
7
What is 1 - 1 - 4 - (-5 + -1)?
2
What is (-16 - (-5 + 1)) + 15?
3
Evaluate 8 + -5 + -6 + -4.
-7
What is -75 + 74 + (2 - -1)?
2
What is 2 - 1 - (0 - 0)?
1
Calculate 3 + (1 - 9 - -7).
2
0 + (0 - 1) - (54 - 58)
3
Evaluate -1 - (6 + (-4 - -4) + -3).
-4
Evaluate -67 + 59 - (1 + -12).
3
What is 3 + (2 - 0) + -6?
-1
Evaluate -4 + 3 + 1 + 2.
2
(0 - (-5 + 4)) + -1 + -3
-3
What is -30 + 37 + (-3 - (0 - 1))?
5
1 - (7 - -2) - (156 + -158)
-6
Calculate -9 - (-1 + -6) - 5.
-7
Calculate 2 + -1 + -4 + (-69 - -76).
4
What is the value of -2 + (0 - -3) + -3?
-2
What is the value of 9 + -3 + -1 + 14 + -22?
-3
Calculate -7 - (6 - 11) - (1 + 1).
-4
Calculate 3 + -4 + 1 + -2 + -5.
-7
Evaluate 6 - 5 - 4 - 4.
-7
What is 89 + -98 - (-1 - 3)?
-5
What is the value of 4 + -8 - -1 - (-1 - 1)?
-1
What is -3 + 2 + (5 - -3) - 15?
-8
Evaluate (-2 - 1 - (0 - 9)) + -1.
5
What is -2 + 7 + (-2 + -3 - -3)?
3
5 - (5 + -5 + 0 + 0)
5
Evaluate -2 - (0 + -6 - (6 - 1)).
9
Evaluate 4 - (1 - -1 - (5 - 8)).
-1
Calculate 2 - (25 - 23 - (8 - -1)).
9
(1 - -3) + (2 - 5)
1
Calculate 4 + -2 + -4 + 2 + 4.
4
What is the value of 1 - (3 + -3) - (0 - 1)?
2
What is 6 - (-7 - (-19 - -4))?
-2
What is the value of -30 + 24 - (-5 - 0)?
-1
(1 - -2) + (-5 - (-3 + -1))
2
Calculate -65 + 57 - (-1 + (0 - 5)).
-2
Calculate 0 + 5 + -1 + -4.
0
What is the value of 7 + (9 - 15) + 4?
5
(-2 - -8) + -11 + 19 + -13
1
What is the value of -8 - ((13 - 22) + 11)?
-10
Evaluate -3 + -2 - (5 + -10).
0
Calculate 3 + -3 + -2 + 1.
-1
What is the value of 5 + 1 + -14 + -17 + 21?
-4
-6 - -6 - 1 - -6 - -2
7
What is the value of -1 - 5 - (7 + -11)?
-2
Evaluate 13 + -26 - (3 - 11).
-5
What is 7 + -5 + (1 - 3) + 5?
5
-1 - (-9 + (-4 - -8))
4
What is (-12 - -12) + (3 - -1)?
4
What is -6 + 1 - (-16 - -8)?
3
Calculate 0 + -5 - (-3 + -2).
0
-4 + -2 + (9 - 1)
2
What is -4 + ((-3 - -1) + 1 - -10)?
5
What is -3 - 1 - (-12 - (-3 - 1))?
4
What is -2 + 1 + -4 + 1?
-4
What is 0 - (1 - (5 - 1)) - 1?
2
Calculate 6 + (-3 - 12) + 14.
5
Evaluate (1 - 10) + (-175 - -180).
-4
3 + 0 - (-7 - -5)
5
What is 1 - 4 - (-15 + 12 + 6)?
-6
What is -15 + 11 + 1 + 0 + 1?
-2
Evaluate -4 - (8 + -11 + -8).
7
What is (-2 - (-2 + -2)) + -1?
1
Evaluate 1 + (-1 - (-7 + 4 + 0)).
3
Evaluate -1 + 3 - (0 + -1).
3
What is -3 + (-12 - (4 - 19))?
0
Evaluate (4 - 13) + (1 - (-3 - -1)).
-6
Calculate (-8 - (0 - 1)) + (38 - 24).
7
What is the value of (-2 - 1 - -2) + -7?
-8
What is the value of -5 + -6 + 4 + (17 - 17)?
-7
Evaluate (-5 - (-4 + -7)) + -3 + -2.
1
Calculate (-32 - -34) + 2 + -8.
-4
What is -5 - (-16 - -15 - (-1 - 0))?
-5
What is 2 - (12 - (-6 + 11 - 0))?
-5
What is the value of (7 - -2) + -3 + -2?
4
-8 - (-10 + 3 + -3)
2
Evaluate 6 + (4 - (-3 + 5)) - 0.
8
What is 6 + 13 - (-11 - -25)?
5
Calculate -1 + -8 + 8 + 1.
0
What is the value of 1 - (-3 + 5 + -1 + 0)?
0
What is (-4 - (-13 + 4)) + -6?
-1
-1 + 0 + -1 + 4
2
5 + (10 - 17) + -6 + 3
-5
33 - 35 - (-7 - -1)
4
0 - (2 + -10) - (4 + -1)
5
Evaluate 2 + -6 - (3 - (4 - 3)).
-6
Calculate 2 - -1 - (-1 + 7).
-3
Evaluate -1 + 0 + (-30 - -26).
-5
Evaluate 0 - ((5 - (5 - 1)) + -2).
1
Evaluate -2 + 0 - (-6 - -5).
-1
Calculate 12 + -6 + (-4 - -9) + -5.
6
What is the value of 5 + (-23 - -5) - -3?
-10
What is 7 - (-2 - (-10 - -5 - -1))?
5
Calculate (16 - 14) + (-2 - -1).
1
Calculate (2 - -2) + 0 + (-7 - -1).
-2
What is -7 - (5 + -7 - -3)?
-8
14 + (-16 + 8 - 2)
4
What is the value of 0 - (10 - 7) - (2 + -4)?
-1
What is -8 - (-1 + 5 - -1 - 5)?
-8
Calculate 4 + -3 + (8 - 4).
5
What is -2 - (-7 + 1 + -1)?
5
-7 + (2 - 8) - -8
-5
What is the value of (7 - 8 - 5) + -1?
-7
What is 4 - ((-2 - -5) + 0)?
1
(-4 - (2 - 2)) + (-8 - -10)
-2
3 - (-7 + 6 + 4 + 0)
0
What is the value of (4 - 7) + 1 + 1 + 2?
1
Calculate -6 + -13 + (5 - -1) + 7.
-6
Evaluate -2 + -1 - (1 + -2) - -5.
3
What is -2 + (4 - 1) + -2 + 4?
3
Calculate (6 - 9) + 2 + 3.
2
Calculate 5 + -6 + (3 - (0 + 4)).
-2
What is the value of -3 - (2 - 8 - -3 - -4)?
-4
Calculate 3 - (-3 - (4 - 16)).
-6
-3 + 3 - -1 - 0
1
Evaluate (1 - -4) + 3 + -9.
-1
-6 - (-7 - (0 + 1))
2
(-1 - -8) + (7 - 21 - -11)
4
Evaluate 12 - (-5 + (-2 - -11)).
8
What is (5 - 1) + -4 + 10 + -7?
3
Calculate (4 - (-1 - 2 - -8)) + -8.
-9
Evaluate 2 + -7 + -2 - -12.
5
What is the value of -116 + 106 + (0 - -1)?
-9
Evaluate (1 - (2 - 4)) + 0.
3
What is 1 - 1 - (4 + -3 + 2)?
-3
Calculate 3 + (-4 + 7 - 4) + 1.
3
What is the value of (1 - -2) + -2 + 2?
3
Calculate (-1 - 2) + 4 + -3 + -3.
-5
-2 + (16 - 4) - (12 - 8)
6
2 - (-3 - 2 - (-1 - 2))
4
1 - (-1 + 6 - (21 + -20))
-3
Calculate (16 - 11) + (2 - 6).
1
Evaluate 12 - (-14 - (-1 + -14)).
11
What is -4 - 1 - (-1 + (-4 - -1))?
-1
-2 + 2 - ((-4 - 3) + 5)
2
Evaluate (-1 - 5) + 5 + 0 + -3.
-4
Calculate -26 - -26 - (0 + -1).
1
Evaluate -9 - -1 - (-67 + 61).
-2
Calculate -3 + (4 - (1 - (0 - 0))).
0
What is -2 + (2 - -1) + -3 + 3?
1
(-3 - 0) + (-40 - -37)
-6
Evaluate 6 - (0 - -1) - 3.
2
What is the value of -1 - (2 + 4 + -3 + 0)?
-4
Calculate (4 - -2) + (-1 - 3).
2
Calculate 2 + (6 + -4 - -3 - 13).
-6
Evaluate -9 - (-10 + (4 - 8)).
5
Calculate (-1 + 2 - 2) + (-1 - 0).
-2
What is -6 - (-10 + 8) - (-1 - 0)?
-3
What is 13 - 19 - -8 - 5?
-3
What is the value of -1 + 2 - (-1 - (-2 - -2))?
2
Evaluate (42 + -38 - (7 + 1)) + 1.
-3
Evaluate (-2 + 5 + 0 - 0) + 2.
5
What is (3 - (3 - 2)) + (-13 - -13)?
2
14 + 5 + -9 + (-1 - 7)
2
What is (0 - 2) + 3 + -3?
-2
Evaluate 4 - -1 